5, what is 12300 + 112424?
130224
In base 16, what is 96c - 83?
8e9
In base 9, what is 2256 + -76?
2170
In base 2, what is -100110101 - 11010001?
-1000000110
In base 8, what is -20100 - 10?
-20110
In base 8, what is 261244 + -10?
261234
In base 12, what is 4654 + 14?
4668
In base 13, what is -5105b + 5?
-51056
In base 8, what is 111 - -10170?
10301
In base 4, what is -3 + -2230003313?
-2230003322
In base 16, what is -4 + 1212?
120e
In base 14, what is 75a58 + -4?
75a54
In base 10, what is 304 - 445?
-141
In base 14, what is 5 - 179da?
-179d5
In base 4, what is 2111 + -11331332?
-11323221
In base 12, what is -1 + 18340?
1833b
In base 10, what is -13 + -10539?
-10552
In base 6, what is 4034020 + -4?
4034012
In base 7, what is 3133641 + 1?
3133642
In base 16, what is -10ed + -7d?
-116a
In base 6, what is -13040 - -1?
-13035
In base 8, what is -740 + -671?
-1631
In base 15, what is -2c7 + -239?
-511
In base 16, what is -87 + -90e?
-995
In base 4, what is -11313 - -130020?
112101
In base 15, what is 16 + 49d8?
49ee
In base 2, what is -1110111101010 + -110000?
-1111000011010
In base 10, what is 17 - -51?
68
In base 12, what is -3b36 - 20?
-3b56
In base 5, what is -11240 + 102?
-11133
In base 9, what is -502063 + 1?
-502062
In base 3, what is -101 + -221102212?
-221110020
In base 6, what is -41531 + -10?
-41541
In base 16, what is -11b - -f8?
-23
In base 7, what is 106 + -15130?
-15021
In base 10, what is -6 + 7631?
7625
In base 13, what is 2 - bb856?
-bb854
In base 12, what is -3 - 53ab3?
-53ab6
In base 7, what is 0 + 4426?
4426
In base 14, what is 7a6 - -5?
7ab
In base 6, what is -43 + -14541?
-15024
In base 9, what is 786 + 44?
841
In base 5, what is 11 - -3202240?
3202301
In base 9, what is -454466 - 5?
-454472
In base 13, what is 1a7cb - 0?
1a7cb
In base 6, what is 14244 + -14?
14230
In base 2, what is 10000 + -1111110000?
-1111100000
In base 15, what is -3996 - -3?
-3993
In base 9, what is 45136 - -1?
45137
In base 9, what is -18 + 163126?
163107
In base 10, what is 949 + 78?
1027
In base 15, what is 29 + c45?
c6e
In base 6, what is 253255 + 1?
253300
In base 11, what is -933 - 747?
-157a
In base 5, what is 11132110424 + 10?
11132110434
In base 4, what is 3211120 - 2?
3211112
In base 10, what is -389 + 212?
-177
In base 13, what is -a166 + 4?
-a162
In base 5, what is 1 - -20004430?
20004431
In base 4, what is -11 + 222212?
222201
In base 12, what is -4 - 619412?
-619416
In base 7, what is -20 - -151313?
151263
In base 9, what is 6472 - 210?
6262
In base 12, what is 4870 + 203?
4a73
In base 6, what is 414445 + 4?
414453
In base 2, what is -11111101 + 11000100?
-111001
In base 13, what is 102a - -1b8?
1215
In base 16, what is 3c2 - 11d?
2a5
In base 5, what is 2223 - -4430?
12203
In base 2, what is -101 - 1111001010100111?
-1111001010101100
In base 5, what is 224114231 - 0?
224114231
In base 3, what is 210021 + 2021?
212112
In base 4, what is 2030 + 22102?
30132
In base 8, what is 400544 + 5?
400551
In base 9, what is 156836 - 15?
156821
In base 15, what is -880 + 11?
-86e
In base 13, what is -4b2 - 63?
-545
In base 7, what is -10651 + 264?
-10354
In base 2, what is 100 - -10100101101000010?
10100101101000110
In base 13, what is -1 - -7b5c?
7b5b
In base 16, what is 4a1e - 71?
49ad
In base 2, what is -1000100000011101 - -101?
-1000100000011000
In base 9, what is 34 - -23664?
23708
In base 12, what is -4 + -19334?
-19338
In base 8, what is 43 + -260?
-215
In base 11, what is -1a - 844?
-863
In base 8, what is -122302 + -2?
-122304
In base 3, what is 2011121 - -2111?
2021002
In base 14, what is 4 + 23a5c2?
23a5c6
In base 14, what is -145266 + 2?
-145264
In base 5, what is -140 + -12214?
-12404
In base 3, what is 101012210111 + 2?
101012210120
In base 4, what is -12212120 + -10?
-12212130
In base 13, what is c58 - -16?
c71
In base 5, what is -31001220 + 3?
-31001212
In base 12, what is 3b - 72a?
-6ab
In base 2, what is -1 - -11110110001?
11110110000
In base 10, what is 10 + 380213?
380223
In base 10, what is -84 - 4514?
-4598
In base 4, what is 3201120300 - 10?
3201120230
In base 10, what is 86365 - -2?
86367
In base 12, what is 1137 - -ab?
1226
In base 2, what is 111 + 1000100111011011?
1000100111100010
In base 14, what is 14b9 - 8?
14b1
In base 4, what is 12 + -3110112?
-3110100
In base 12, what is 8696 - 0?
8696
In base 2, what is -1001 - -100111111111010?
100111111110001
In base 13, what is -14893 - b7?
-1497a
In base 2, what is -1 - -10101101011?
10101101010
In base 12, what is 0 - 298b7?
-298b7
In base 12, what is 216 - -94?
2aa
In base 13, what is 7 + -2b2c?
-2b25
In base 7, what is 5431 + -6?
5422
In base 10, what is 56 + -1366?
-1310
In base 9, what is 513 - 3242?
-2628
In base 4, what is -11 - 30012133?
-30012210
In base 6, what is 10 + 34533?
34543
In base 6, what is -5 - 115315?
-115324
In base 4, what is 331201 - -3001?
1000202
In base 6, what is 23 - -14114?
14141
In base 6, what is -154 + 41?
-113
In base 3, what is 11 - -211100112?
211100200
In base 6, what is -22 - -5001131?
5001105
In base 2, what is -1010111001100001001011 - 10?
-1010111001100001001101
In base 3, what is -20 + -222000111?
-222000201
In base 2, what is 11101 + -111110110110101?
-111110110011000
In base 10, what is 5 + -42864?
-42859
In base 11, what is 1781 - 1466?
316
In base 4, what is 21213 + 13231?
101110
In base 10, what is -416 - -5609?
5193
In base 2, what is -10010000 - -1010000101?
111110101
In base 14, what is 12b4 - 4?
12b0
In base 11, what is 3 - 1a84?
-1a81
In base 10, what is 5341 + 28?
5369
In base 4, what is -21013223111 + 2?
-21013223103
In base 11, what is -461 + 94?
-378
In base 14, what is -1b0033 - 2?
-1b0035
In base 8, what is -1265 + -357?
-1644
In base 2, what is 11101100001 + 1111?
11101110000
In base 10, what is 2963 + 5?
2968
In base 2, what is -101111110011 + -100010?
-110000010101
In base 3, what is 2011201211221 - 11?
2011201211210
In base 15, what is -18 + -1a?
-33
In base 2, what is -1000101001100 + 1110011000?
-110110110100
In base 7, what is -1 - 556436?
-556440
In base 11, what is 238a - 5?
2385
In base 4, what is -222 + 110232?
110010
In base 2, what is 1001011 + 101011100111100?
101011110000111
In base 3, what is 2120210 + -22220?
2020220
In base 16, what is -9 - -1add?
1ad4
In base 4, what is -112112 - 210?
-112322
In base 5, what is -3 + -224322?
-224330
In base 2, what is 11 + -1110001101110?
-1110001101011
In base 6, what is -100 - 102454?
-102554
In base 2, what is 1110101111 + -111111?
1101110000
In base 14, what is -5c08 - -3a?
-5bac
In base 5, what is 134244422 + -2?
134244420
In base 15, what is -d224 - -1?
-d223
In base 11, what is 158a96 + -1?
158a95
In base 6, what is -4233 - -20305?
12032
In base 6, what is -114224 + -112?
-114340
In base 10, what is -6 + 3087?
3081
In base 16, what is 3296 + -5?
3291
In base 12, what is -25b0 + -2?
-25b2
In base 12, what is 1 - -5118?
5119
In base 11, what is 11 - -25?
36
In base 12, what is 30 + -494?
-464
In base 14, what is -4da8 - 4?
-4dac
In base 7, what is 213131 + 123?
213254
In base 15, what is 26a66d + -4?
26a669
In base 6, what is -22 - -133432?
133410
In base 8, what is -7 + -141646?
-141655
In base 15, what is 7e5e + 1?
7e60
In base 5, what is 31 + -22110?
-22024
In base 13, what is -2857a - -17?
-28563
In base 15, what is 0 + 13573?
13573
In base 11, what is 2 - 11228?
-11226
In base 4, what is 21002 + 3?
21011
In base 4, what is -211222 - -2103?
-203113
In base 5, what is -211114 + -234?
-211403
In base 14, what is -4 + 95438?
95434
In base 2, what is 1000011101011001 - 1?
1000011101011000
In base 4, what is -102 - 123?
-231
In base 13, what is 5 + -369?
-364
In base 12, what is -21 + -8a1?
-902
In base 15, what is -3c46 + -de?
-3d35
In base 7, what is 3 - 115104?
-115101
In base 8, what is 3 - 142170?
-142165
In base 10, what is 240 - 569?
-329
In base 4, what is -1030 - 1?
-1031
In base 7, what is -354255 - 3?
-354261
In base 2, what is -101110111010010 - 11010?
-101110111101100
In base 3, what is -111102 + -1121121?
-2010000
In base 11, what is -160 + 14547?
14397
In base 2, what is 1010001110010000110000 + -100?
1010001110010000101100
In base 8, what is 72 + 201?
273
In base 5, what is -1 - -1202033?
1202032
In base 11, what is 96719 - -2?
96720
In base 4, what